 - 0) + 10 + -3 + -10?
42
Evaluate 312 - 248 - (32 + 0).
32
What is the value of (7 - -2) + -73 - (5 - 8) - (0 - 8)?
-53
What is the value of 0 - (-2 - (-5 + 45)) - (-11 - (4 - 24))?
33
What is the value of -67 + (70 - (-146 - -218))?
-69
Evaluate -2 + -15 + 13 + 26 - 60.
-38
0 + -2 - (-53 - (32 - 65))
18
What is the value of -102 - (-6 + -2 + 1 + (142 - 150))?
-87
Evaluate 37 - (51 + -73) - (0 - -5 - -2).
52
Calculate 14 + (5 - 21 - (-12 - (-2 + -2))) + -83.
-77
What is 35 + -4 - (17 + -28 - (-4 + -7))?
31
What is the value of (101 - 0 - (95 - (-69 + 156))) + -9?
84
Calculate (-48 - (65 - 37)) + -36 + 4.
-108
Calculate (-17 - 1 - 1) + 1 + (1703 - 1712).
-27
(27 - 1) + -114 + (129 - 62)
-21
What is the value of 575 + -590 + -7 + 3 + 17 - 21?
-23
What is the value of -37 - -64 - -2 - 58?
-29
What is the value of -20 - (-2 + 11 - (-23 - -10 - (-23 - -8)))?
-27
What is the value of 4 + (69 - 163) + 57?
-33
10 - (26 + (16 - 39) - (-5 + 2) - -52)
-48
What is the value of (33 - 116) + 43 + -60 + -22?
-122
Evaluate -118 - (-4 + (-21 - -16 - 5) - 7).
-97
Calculate -4 + (-36 - -26) + -36.
-50
What is the value of -101 - 2 - (536 + -599)?
-40
Calculate 8103 + -8129 - (-1 + -42).
17
-99 + 155 + -45 - (1 + 19)
-9
Calculate (-24 - -11) + 41 + -29 + -56.
-57
Evaluate -6 + (-13 - -39 - 9) - 7.
4
What is the value of -21 + 1 - (-114 + 100 + (14 - (3 + -2)))?
-19
126 - 59 - (-47 - -80)
34
1 + 20 - (11 + -25 + 32 + -30 + 3)
30
What is the value of 11 + (-2 - (-12 - (-62 - (-12 + 14))))?
-43
Evaluate 4 + 67 + -33 + -23.
15
Calculate 29 + -24 + -6 - (-19 + (-13 - -2)).
29
Calculate 1977 - 2004 - (-4 - -1 - -6 - 10).
-20
Evaluate 27 - (19 + 18) - -34.
24
Evaluate -1 + (-3 - (88 - 0)) + (-3179 - -3192).
-79
What is (-34 - 13) + 96 + -36?
13
Calculate 40 + (3 + (6 - -1) - 9) - (-6 + -2).
49
What is -39 - (-53 + -15) - 2?
27
Evaluate 7 + ((-15 - -18) + -1 - (0 - -16)) + 43.
36
9 + (13 - 30 - -6 - -63) + 10
71
-14 - (351 - 358 - (0 - (-2 - (-1 + -2))))
-8
Evaluate (16 - 20) + (-290 - -224).
-70
Evaluate -1 + -75 - (1463 + -1489).
-50
What is the value of 5 + 11 + 21 + (-66 - 1) + 26?
-4
-79 - (-133 - -35) - 24
-5
14 + -35 + 97 - 57
19
What is (-426 - -516) + (-10 - 34)?
46
What is the value of -3 + -1 + 46 - (-12 - -3 - (-21 - -4))?
34
What is the value of -92 - (-1 - -9 - (-7 + 32 + -1))?
-76
What is the value of (-17 - (57 - 104)) + -73?
-43
Evaluate -10 - -15 - (28 + -45 - -98).
-76
What is (4 - (-4 - -63)) + (13 + -17 - -17)?
-42
Calculate 49 + -101 + (-55 - -54).
-53
Evaluate -25 - (-62 - -56) - 81.
-100
Evaluate -3 + 1 + 89 - (-49 + 77 + -48).
107
Evaluate 46 - -83 - 71 - 142.
-84
(-39 - 8) + -58 + 66 - (-1 - -2)
-40
Calculate 29 - ((35 - -46) + -32 + -137).
117
What is the value of -44 - 0 - (3 + 4 + 2 + (-316 - -318))?
-55
Evaluate (-2 - (-5 + 3)) + (4 + 31 - 50) + -13.
-28
Calculate (-297 + 246 - -76) + 1 + -1.
25
Calculate (13 - (-16 + 17 + -15 + 26)) + -78.
-77
Calculate 59 + (5 - (7 - (2 - -4 - 15) - 2)).
50
1 + (-3 - (-7 - 6 - -4)) + 9
16
32 + -15 - 4 - (-3 + -9 + 8)
17
What is 32 + 1 + (1792 - 1788)?
37
-1 - 83 - (3512 + -3639)
43
What is -17 - (28 - (9 + 11 - -2))?
-23
What is -12 + (11 - -2) + 8 - (-53 - -23)?
39
Evaluate -9 + 0 + (-4 - -8) + 180 + -167.
8
-14 + 81 + -83 + (5 - -26)
15
What is the value of 2 + 20 + -12 - (19 + -6) - 13?
-16
(77 - (11 + 73)) + -118
-125
(72 - 1) + (-2943 - -2909)
37
Evaluate 5 + -2 + 2 + (-12 - (-15 - -6)) - -68.
70
What is the value of -46 - -1 - (-49 + (-11 - 7) + 48)?
-26
What is the value of -30 + (1 - -11) + 7 + (-12 - -39)?
16
Calculate 0 - 28 - (50 - 47).
-31
Evaluate (0 - (2 + 10)) + 1 + 2 + (-150 - -125).
-34
Evaluate 1 - (8 + -4 + -166) - (-238 + 249).
152
Calculate -20 - (54 - (30 + 2)).
-42
What is the value of -2 + 54 - (-6 - (-5 - 23) - 26)?
56
What is the value of ((-6 - 18) + 10 - -23) + (0 - -31)?
40
Calculate 2 + 2 + -17 + (-2 - -11) + -52.
-56
Evaluate -35 + 118 + (4 - (-34 - -10)).
111
What is (-2 - -17 - 16) + -3 + -4 + -31?
-39
What is (100 - 57 - -22) + (9 + 2 - -1)?
77
What is the value of 15 + (-16 - -2) + (10 + 17 - 17)?
11
(-4 - (-2 + 0)) + (4 - (-16 + 0 + 11))
7
What is -17 + (21 - 63) - 72?
-131
-171 - (-100 - -44) - (-15 + -10)
-90
Evaluate (51 - 28 - 18) + -1 + 1 + -133.
-128
What is the value of (-4 - (10 - -8)) + 19 + -8?
-11
What is the value of -66 + -57 + 106 + (1 - -8)?
-8
What is the value of -2 + 0 + 9 + -24 + 20 + -12 + 64?
55
What is (14 - 6 - -30) + -44 + (2 - -21)?
17
-51 - 5 - ((36 - 27) + -4 - 13)
-48
Calculate 2 - (3 + 10 + 57) - (-1 + -4).
-63
Calculate 71 + (114 - (-147 + 291)).
41
Evaluate -25 - 0 - (181 + -171 + (-2 - -7)).
-40
252 + -230 - ((-6 - -2) + 77)
-51
Calculate 24 + -2 + 40 + 0 + -12 + -17.
33
What is -26 + (-2 - 12 - 47)?
-87
What is the value of 2 - ((-2 - -11) + -32 + 24 - -43)?
-42
Evaluate -2 + 8 - (75 - (17 - (40 + -33))).
-59
(-19 - (0 - (3 - 1))) + -10 + 126 + -121
-22
What is 15 + -1 - (-24 - (-10 + -5 + 9))?
32
(-28 - -21) + (-1 - (-6 + 8)) + -9
-19
Evaluate -48 - (-8 + -1 - (-2 - -50 - 50)).
-41
Calculate 154 - (-55 - -84) - (-2 + -9).
136
Evaluate -95 - (-57 + -41 - -69).
-66
Calculate -49 + (7 - -2) + 9 + -9 + -15.
-55
Evaluate -2 + (1 - -1) + (22 - 33) + -24 + -19.
-54
Evaluate 2 - (2 - (37 - (28 + 8) - (1 - -1))).
-1
Evaluate (3 - (-43 + 93)) + 58.
11
Calculate -72 - (0 - 22 - ((-125 - -49) + 39)).
-87
What is 42 - (3 + -18 + -10 + 43 - 13)?
37
-1 + 19 - (11 + -3) - (0 + 45)
-35
Calculate (-30 - 11) + (108 - 115).
-48
(440 - 452) + (2 - (-21 + 5)) + -75
-69
Calculate (-22 + 1 - (139 + -197)) + 1.
38
Calculate 19 + 10 + -12 + 2 + (2 - 3).
18
Calculate 30 - -5 - (-45 - -71).
9
What is the value of -40 - (-24 + 4) - 79 - -16?
-83
What is the value of -31 - (11 + 10 - 61)?
9
What is the value of (-5 - -200) + (333 - 426)?
102
Calculate -6 + 22 + -5 - (24 + -3 - -26).
-36
Evaluate 12 - (6 - -30 - 13) - (-1 - 14).
4
What is (6 + -12 - -10) + -1 + -41 - (61 - 51)?
-48
What is 16 + (-14 - 2 - (-49 - -26) - 19)?
4
What is 27 - 29 - (0 - -6) - (47 - 9)?
-46
Calculate -640 - -625 - (-75 + -2).
62
(-1 + 0 - 3) + -32 + -4 + 14
-26
7 - ((57 + -59 - (69 - (-2 + 3))) + 6)
71
What is 33 - (77 + (-49 - 15))?
20
What is 18 + 18 + -4 + 22 + -29?
25
Evaluate -11 + (9 - 5) + -1 + (-7 - -8).
-7
Calculate (-55 + -16 + 18 - 16) + -26.
-95
What is 163 - 136 - (3 + 33)?
-9
What is 5 - (-16 + (7 + -3 + -12 - -112))?
-83
Calculate (0 - -96) + 1 - (-118 + 115 + -5).
105
1 + -2 + 4 + (1159 - 353) + -757
52
Evaluate 26 - (-5 - (12 + 25)) - (-2 - -16).
54
What is 1 + (-46 + 25 - 6)?
-26
Calculate (5 - -9) + -85 - -4 - -28.
-39
Calculate -6 + 11 + 6 + 0 - (1 + 7 + -8).
11
Evaluate (-19 - -29) + 69 + -113.
-34
(47 - 49 - 66) + 72
4
Evaluate 1 + -26 + (17 - (16 - (10 + -10))).
-24
Evaluate -81 - (183 + -108 + -103).
-53
What is the value of -19 + -6 + 43 - (4 - (104 - 9))?
109
(-3 - (-4 - 1)) + (17 - (0 - (9 - -22)))
50
What is the value of 0 + -6 + (15 - (-12 - 10 - -78))?
-47
What is -1 + -10 - (1 + 26 - (3104 - 3078))?
-12
What is the value of 2 - (40 + (-3 - -1) - (398 + -384))?
-22
What is 14106 - 14030 - (0 - -13 - ((-4 - -2) + 2))?
63
What is 14 - (121 - 168 - (-4 - -2))?
59
What is the value of 666 + -677 - (-1 + -60 + -4)?
54
7 - (43 + -23 + 78)
-91
What is the value of (-20 - (29 + -53)) + (1 - 19)?
-14
What is 58 + -18 + -94 - -6?
-48
What is the value of -12 - (-3 - 6 - 22 - 59)?
78
Evaluate 0 + 10 - ((-2 - -94 - 49) + (-19 - 2)).
-12
Evaluate -31 - (2 - 5) - (277 - 329).
24
Calculate -4 + 20 - (12 + -30 + 97) - -9.
-54
9 + 0 + (-12 - (1 + -15) - 4) + -2
5
What is the value of (17 - 102) + (63 - 171) + 75?
-118
Evaluate (-7 - (-25 - -12) - (36 - 8)) + 17.
-5
(8 + -27 - -18) + -20 + 1 + -2
-22
What is 38 + (37 - 73) + -76?
-74
Calculate 17 - (60 + -53) - (0 + -2).
12
Evaluate -19 + -21 - -69 - (9 - -3) - 12.
5
Calculate 309 + -290 - (16 - -83).
-80
What is the value of (24 - (-7 + 11) - 5) + 5 - -25?
45
What is the value of -57 - -23 - (19 + (2 - 14))?
-41
What is the value of 19 + (-1 - 4) - (-17 + 5 + 3)?
23
-55 - (19 + (3 - (65 - 20)))
-32
Calculate 46 - (-10 + 32 - 45) - (21 - 2).
50
Calculate -14 - (-22 + 79) - (5 + -16).
-60
What is the value of -19 + (-9 - -8) + 1 + 10 + -38?
-47
Calculate -4 + (-77 - 0 - (5 + 4 + -5)).
-85
Evaluate (68 - -10) + (17 - 66).
29